 = j**2 - 2*j + 5. Let d be o(0). Let r be v(d). Let p be (40 - r)/((-6)/(-9)). Calculate the greatest common divisor of p and 21.
21
Let q = 12 - 9. Suppose 2*y - q*y = -1. Let k be -3 - -7*(2 - y). Calculate the greatest common divisor of 4 and k.
4
Let y be -3 + (-5)/((-5)/7). Suppose 0 = y*p + 20 - 132. Calculate the highest common divisor of 252 and p.
28
Suppose 3*a - j - 367 + 40 = 0, -5*j - 447 = -4*a. Calculate the greatest common divisor of a and 96.
12
Suppose 4 = -3*l + 5*l. Let i = 21 - 13. Calculate the highest common divisor of l and i.
2
Let w be (7125/(-625))/(1/(-5)). Calculate the greatest common factor of w and 171.
57
Let b(d) = 2*d**3 + 31*d**2 + 11*d - 6. Let n be b(-15). Calculate the greatest common factor of n and 12.
6
Suppose 8*z = 13 + 179. Suppose -264 = -6*p + z. Calculate the greatest common factor of p and 72.
24
Let m = 40 + -17. Suppose -3*h - 403 = -103. Let u = h + 169. What is the highest common divisor of m and u?
23
Let w(l) = -26*l. Let g be w(-2). Let j be (-4)/32*-4*0. Suppose j = -n + 13. What is the greatest common factor of n and g?
13
Suppose 0 = 4*t + 7 - 3. Let i = t + 4. Let q = i + 3. Calculate the highest common divisor of q and 6.
6
Let i(s) = 56*s - 69. Let y be i(3). What is the highest common factor of y and 27?
9
Let q = -150 - -189. What is the greatest common factor of q and 182?
13
Suppose 4*o + 6 = 18. Suppose o*u = 55 + 53. Calculate the highest common factor of 12 and u.
12
Let d be (-24)/(-156) - (-5133)/13. What is the highest common divisor of 20 and d?
5
Suppose -6*x - 9*x = -3915. What is the highest common divisor of x and 9?
9
Let x(c) = 14*c - 70. Let r be x(6). Suppose q - 6*q = -70. What is the highest common factor of r and q?
14
Let g be ((-412)/6)/((-116)/12 - -9). Suppose 28 = g*u - 99*u. Calculate the greatest common factor of 7 and u.
7
Suppose 3*r + 23*q - 217 = 22*q, -4*q + 4 = 0. Suppose 1 = -c + 20. Suppose -1 + c = 2*o. Calculate the highest common divisor of r and o.
9
Let j(n) = 4*n**2 - 45*n - 136. Let x be j(-18). What is the greatest common divisor of x and 10?
10
Suppose 0 = -5*a + 5*b + 160, -2*a - 3*b + 34 = -10. Suppose -q + a + 14 = 0. Let t = 44 + -23. What is the highest common factor of t and q?
21
Suppose s + 0*s - 3 = 0. Suppose 3*a + 3*v = 240, -4*a - s*v = 2*v - 315. Suppose d - 170 = -4*d. What is the greatest common factor of a and d?
17
Suppose -14*f + 44 = -3*f. What is the highest common divisor of f and 64?
4
Let i = 4 + 0. Suppose i*j = 219 + 57. What is the highest common factor of 23 and j?
23
Suppose -j + 12 = -3. Let y = -4346 + 4376. Calculate the greatest common factor of j and y.
15
Let p(d) = -8*d + 93. Let t be p(6). Calculate the greatest common factor of 1440 and t.
45
Let n(l) = l**3 + 12*l**2 + 20*l - 2. Let d be n(-10). Let k be (-5)/((-3 - 18/(-4)) + d). Calculate the greatest common divisor of 5 and k.
5
Suppose -u - 2*z + 3*z - 5 = 0, -2*u + 25 = 5*z. Suppose -2 = -g - u. Calculate the greatest common divisor of g and 2.
2
Let o = -7 + 9. Suppose -4*a = -0*a + c - 18, 2*a - 4 = o*c. What is the greatest common factor of 4 and a?
4
Let m(w) = -3*w**2 - 2 + w**3 + 6*w + 6*w**2 + 9*w**2. Let p be m(-11). Suppose -p - 1 = -l. What is the highest common divisor of 18 and l?
18
Suppose 0 = -27*t + 31*t - 76. Suppose 0 = -5*a + 485 + 320. Suppose -2*s - 2*f = -118, 0*f = -3*s + 5*f + a. What is the highest common divisor of s and t?
19
Suppose -25 = -2*p - 3*l + 4, 3*l - 61 = -4*p. What is the greatest common factor of p and 464?
16
Let y(t) = 9*t**3 + 0 - 1 + 8*t**3. Let o be y(1). Let f(a) = 3*a + 22. Let c be f(-6). Calculate the highest common factor of o and c.
4
Let g(y) = 5*y**2 - 4*y + 19. Let l be g(3). Calculate the highest common factor of 78 and l.
26
Suppose -15*p + 9*p = -36. Let h be (5 - p)/(1/(-11)) + 2. What is the greatest common divisor of h and 65?
13
Let t be 0 + 3 + 27/3. Suppose -3 = -3*p + 2*p + 5*s, -5*s = 2*p - 21. Calculate the greatest common divisor of t and p.
4
Let q = -590 + 686. What is the greatest common divisor of q and 1824?
96
Let z = 1352 - 1348. Calculate the greatest common divisor of z and 1172.
4
Suppose -1367 = -2*a - 183. What is the greatest common divisor of a and 8?
8
Let g = 47 - 22. Let j = g + -3. Let m be (3 - 7) + (1 - -179). What is the highest common factor of j and m?
22
Let v(f) = -5*f + 61. Let j be v(12). What is the highest common factor of 4 and j?
1
Let l(o) = o**2 - 18*o - 56. Let x be l(23). Calculate the highest common factor of 3 and x.
1
Suppose 2*c + 11 = 1, v - c = 628. What is the highest common factor of 7 and v?
7
Suppose 4*m + 14 = -5*l + 52, 0 = 2*m + 3*l - 20. Calculate the highest common divisor of m and 217.
7
Let f(p) = -2*p + 12. Let r be f(-1). Calculate the highest common divisor of r and 70.
14
Suppose 0 = -3*l + 2*t + 62, 3*l - 4*t - 35 - 29 = 0. Let b(f) = -f**2 + 17*f - 11. Let s be b(16). What is the greatest common divisor of l and s?
5
Let b(w) = -4*w + 48. Let x(v) = -10*v + 120. Let s(n) = -12*b(n) + 5*x(n). Let k be s(9). Calculate the greatest common factor of k and 6.
6
Let v = -81 + 28. Let a = 84 + v. What is the greatest common factor of 248 and a?
31
Suppose 49 = -2*j - 2*k + 3*k, -35 = j + 3*k. Let b = -6 - j. Calculate the greatest common factor of b and 50.
10
Let g = -14 + 26. Let b = 3 - g. Let c = b + 10. Calculate the greatest common factor of c and 5.
1
Suppose -4*p + 26 = -q + 2*q, 0 = 3*q + 6. Let m(u) = -u**2 + 7*u + 3. Let z be m(p). Let d be 56/z*(1 - -5). Calculate the highest common factor of d and 14.
14
Let t be (-1)/4 - (-63)/12. Suppose t*s + 3*m - 2*m + 52 = 0, s + 2*m = -14. Let l be s/(6 + -3 - 4). What is the highest common factor of 30 and l?
10
Let r(q) = 0*q**2 - 2*q + 6*q + q**2 - 10. Let d be r(-10). Let s be 2/(-10) + 3 + (-216)/(-30). What is the greatest common factor of s and d?
10
Let i = -68 + 101. Let s = i + -24. Let d = -168 + 240. Calculate the highest common divisor of d and s.
9
Let b = -131 - -249. Suppose t - 3*t - b = -3*f, 2*t + 46 = f. What is the greatest common divisor of 24 and f?
12
Let r = 4 + -18. Let a(g) = g + 17. Let j be a(r). Suppose 4*d - 3*d - 5 = 2*h, -3*d + j*h = -18. Calculate the greatest common divisor of d and 14.
7
Suppose 0 = -3*x - 3, -x + 104 = c - 0*x. What is the highest common factor of c and 84?
21
Let h(w) = -18 + 2 - 6*w**2 + w**3 - 4*w**2 - 5*w. Let a be h(11). Suppose 4*y - 5*t + 2*t = a, 5*y = t + 68. Calculate the greatest common factor of y and 14.
14
Let w = -1107 - -1143. Calculate the highest common factor of 2412 and w.
36
Let u be (1 - 20 - 1)*(-17)/(-1). Suppose 2*j + 181 = -235. Let n = j - u. What is the greatest common divisor of n and 12?
12
Let h be (-6)/10 + 196/35. Suppose -5*b = g + g - 12, -2*b - g = -h. What is the highest common divisor of b and 1?
1
Suppose -z = 4*z + 10, -14 = -f + 5*z. Suppose -2 = p + f*h - 14, p - 3*h - 5 = 0. Calculate the highest common divisor of p and 8.
8
Suppose 3*j + 0*j = 45. Let z(c) = c**3 + 3*c**2 + c - 11. Let h be z(4). Calculate the highest common divisor of h and j.
15
Let n be 36/5*20/8. Let z(y) = y - 23. Let b be z(n). Let w be 6 + b - (-4 - 1). Calculate the greatest common factor of w and 12.
6
Let x be 2 - ((-5)/1 + 3). Let v be (14/x)/(2/4). Calculate the highest common divisor of 77 and v.
7
Let i be (-80)/(-6) - 3/9. Let f(m) = -4*m - 11 - 3*m**2 + 2*m - 3*m + 5*m**2. Let y be f(7). Calculate the greatest common factor of i and y.
13
Let a(i) = -119*i + 30. Let k be a(-3). Calculate the highest common factor of k and 27.
9
Let f(s) = -s**2. Let g(m) = -m**3 - 14*m**2 + 5*m - 16. Let d(w) = -6*f(w) + g(w). Let x be d(-9). What is the highest common factor of 80 and x?
20
Let k = 33 - 47. Let a be -1*1 - ((-8)/(-2) + k). Calculate the greatest common factor of a and 18.
9
Suppose 5*u = 22 - 2. Suppose 4*d + 2*i = -4, 3*d - 4 = u*i + 4. Suppose x = 4*n - d*x - 4, -3*x + 5 = 5*n. What is the highest common divisor of n and 8?
1
Suppose 3*f + 496 = h - 21, h = -3*f + 523. Calculate the highest common divisor of 40 and h.
40
Suppose 0 = -2*m + 4*o + 10, o = 2*m + 6*o - 10. Suppose -2*d + 5*t + 81 = 0, m*d + 13 - 128 = -5*t. What is the greatest common factor of d and 224?
28
Let s(o) = -62*o +